ase 11, what is -15 + 22090a?
2208a5
In base 13, what is -208820b1 - 2?
-208820b3
In base 14, what is 38102 + -293?
37c4d
In base 14, what is 1 + -53b61?
-53b60
In base 10, what is 43358 + 42?
43400
In base 9, what is -4 - -2078680?
2078675
In base 7, what is 5 + 22142024?
22142032
In base 13, what is -1 - -13a6403?
13a6402
In base 12, what is -157b5 - 22b?
-15a24
In base 10, what is -710340508 - 4?
-710340512
In base 5, what is -313423210023 + 1?
-313423210022
In base 7, what is 422655440 - -1?
422655441
In base 9, what is -70352116 - 5?
-70352122
In base 11, what is 866600 - -20?
866620
In base 2, what is 101001011111010 - 1110001?
101001010001001
In base 9, what is 15 - -25534143?
25534158
In base 11, what is 23 - -8a6a1?
8a714
In base 13, what is -9c2b - -90?
-9b6b
In base 5, what is 23 - 24400210243?
-24400210220
In base 11, what is -71619161 + 6?
-71619156
In base 6, what is 4523 + 1515430?
1524353
In base 2, what is -101001001110000111100 + -11?
-101001001110000111111
In base 16, what is -9 - 37475a?
-374763
In base 6, what is 5343 + 4323501?
4333244
In base 3, what is -2012200 + -2102010?
-11121210
In base 4, what is -301010 - -1020010211?
1013103201
In base 16, what is -1b0e + -1b21?
-362f
In base 3, what is 110020110111221 - -2?
110020110112000
In base 10, what is 2922 + 3908?
6830
In base 4, what is 220 + 1102122311?
1102123131
In base 5, what is -2430 - -2013100433?
2013043003
In base 7, what is 1 + -3036105?
-3036104
In base 15, what is -242 - 79ce?
-7c21
In base 4, what is -2 - 1203331131?
-1203331133
In base 5, what is -2121 - 2040340011?
-2040342132
In base 14, what is -1567 - -14271?
12b08
In base 8, what is -5 + -26733337?
-26733344
In base 13, what is 11939 - -6c?
119a8
In base 14, what is 3c - -c972?
c9b0
In base 2, what is 11 - 1000011100101001100000?
-1000011100101001011101
In base 8, what is -3632 + 141237?
135405
In base 3, what is 110 - 201012121021101?
-201012121020221
In base 14, what is -3209 + 79?
-3170
In base 11, what is -26 + 150972?
150947
In base 4, what is 123013202203 - 21?
123013202122
In base 7, what is -123524 - -1305?
-122216
In base 10, what is 1467261 + 92?
1467353
In base 16, what is -5 - -a346540?
a34653b
In base 2, what is -11100110011001110000 + 10100?
-11100110011001011100
In base 7, what is -1525 + -430460?
-432315
In base 13, what is -2a67573a - 1?
-2a67573b
In base 13, what is 39 - -23443a?
234476
In base 10, what is 5 - -56752879?
56752884
In base 11, what is -4520507 - 11?
-4520518
In base 6, what is -514131441 + -131?
-514132012
In base 13, what is -1c5820a + -5?
-1c58212
In base 12, what is b362854 + -5?
b36284b
In base 8, what is -34 - 2760021?
-2760055
In base 8, what is -74545 + -774?
-75541
In base 14, what is -ada5 - -32b?
-aa78
In base 15, what is -1 + -10ad30?
-10ad31
In base 15, what is -363 - 29507?
-2986a
In base 5, what is -2444023 - -11103?
-2432420
In base 3, what is -1200002121 - -10222?
-1122221122
In base 12, what is 2 + 219b77?
219b79
In base 7, what is -24615 - 60061?
-115006
In base 6, what is -24200 - -2204331?
2140131
In base 4, what is -2003032 + 1110222?
-232210
In base 16, what is 2fd - -69fa?
6cf7
In base 3, what is -1120020 + -10110?
-1200200
In base 12, what is 3691a7 - -73?
36925a
In base 9, what is 6601 + -1020?
5571
In base 2, what is 111001110000011111110100000101 + -101?
111001110000011111110100000000
In base 4, what is -23002 - -1313333?
1230331
In base 13, what is -87 - 41b80?
-41c37
In base 8, what is -1106422 + -541?
-1107163
In base 3, what is 12111222122 + 10022200?
12122022022
In base 13, what is c714265 + -5?
c714260
In base 2, what is 100101100 - -101011110110010?
101100011011110
In base 15, what is -3b3038 - -5?
-3b3033
In base 5, what is -33 - 34230222?
-34230310
In base 5, what is -113 - -3312412132?
3312412014
In base 6, what is -142 + -4133305?
-4133451
In base 7, what is 22 - 36451256?
-36451234
In base 14, what is -22d6 - 12cdc?
-151d4
In base 13, what is 7 + -b9b414?
-b9b40a
In base 16, what is -5 + 369ca8?
369ca3
In base 13, what is -197a6b + -7a?
-197b18
In base 16, what is -4 - -a80d2c?
a80d28
In base 16, what is 1d2fdb - 3?
1d2fd8
In base 5, what is -12442 + -41112?
-104104
In base 12, what is 3 + -89b4?
-89b1
In base 9, what is 135867 - 741?
135126
In base 9, what is -4087033 - 17?
-4087051
In base 12, what is 484 + 1b60?
2424
In base 16, what is -12b + -16778?
-168a3
In base 12, what is 31 + -20b907?
-20b896
In base 6, what is 5033140030 + 2?
5033140032
In base 11, what is -a27 + -74883?
-757aa
In base 14, what is 42ddc + 6b?
43069
In base 13, what is c1a8b + -281?
c180a
In base 4, what is -3012330301 - -1223?
-3012323012
In base 12, what is -35ab2 - -533?
-3557b
In base 9, what is 13606231 + -5?
13606225
In base 2, what is 1 + 101101011111011100111011?
101101011111011100111100
In base 3, what is -20200011112 - -1121010?
-20121120102
In base 5, what is 4 - -12434142000?
12434142004
In base 2, what is -11 - -1011011110011111110?
1011011110011111011
In base 12, what is -5b366 + -24?
-5b38a
In base 14, what is -1964a - -9d?
-1958b
In base 2, what is -100101011111101001010 + 10?
-100101011111101001000
In base 3, what is -2000101002200111 - 12?
-2000101002200200
In base 12, what is -aa + -94bb?
-95a9
In base 5, what is 1013400014 + -3?
1013400011
In base 5, what is -34121014033 - 3?
-34121014041
In base 14, what is 7ca1 - a65c?
-279b
In base 10, what is 3738 - 3099?
639
In base 11, what is -3 - 2400810?
-2400813
In base 6, what is 102231211 + 5?
102231220
In base 12, what is 45 - 29b4a54?
-29b4a0b
In base 7, what is -35126325 - 5?
-35126333
In base 10, what is 72377 + 30?
72407
In base 7, what is -11 + 14160446?
14160435
In base 10, what is -23 + -963667?
-963690
In base 14, what is -9805 + -2134?
-b939
In base 16, what is -3 + -41ff7e1?
-41ff7e4
In base 7, what is 3054163 - -3?
3054166
In base 13, what is -13 + -56394?
-563a7
In base 13, what is 51871 - 712?
5115c
In base 7, what is -13 + 431031512?
431031466
In base 2, what is -1 + 1000101001010100111011?
1000101001010100111010
In base 13, what is 20a94c90b + -5?
20a94c906
In base 9, what is -186 - -172170?
171873
In base 11, what is -6a - 2972574?
-2972633
In base 13, what is -a9b27 - -9a?
-a9a5a
In base 2, what is 1011010111001110111100011111 - -100?
1011010111001110111100100011
In base 13, what is -6 - 23bc037?
-23bc040
In base 10, what is 28879372 - 3?
28879369
In base 2, what is -1000 + -111011001101101111000?
-111011001101110000000
In base 5, what is 10 + -2320440310?
-2320440300
In base 16, what is -1671 - -be1?
-a90
In base 15, what is -25 + -1b365e?
-1b3684
In base 4, what is 12021113 - 23213?
11331300
In base 6, what is 10212 - -12515012?
12525224
In base 16, what is 239f2 - 4?
239ee
In base 15, what is -187a8 + -49c?
-18c55
In base 11, what is 177931446 - 5?
177931441
In base 3, what is -2212211 - -212221121?
210001210
In base 11, what is 0 - 63aa264?
-63aa264
In base 9, what is -41250 + -634?
-41884
In base 16, what is 9b9 + -1807?
-e4e
In base 14, what is -13 + -c58?
-c6b
In base 16, what is -2 - 1bff43d?
-1bff43f
In base 14, what is 2b0002d - -10?
2b0003d
In base 5, what is -4402 - 10131212?
-10141114
In base 12, what is -74756 - -2b5?
-74461
In base 11, what is -8493703 - -29?
-8493685
In base 5, what is -1 + 1430431113?
1430431112
In base 5, what is 1034120 + -10041?
1024024
In base 15, what is -17 + 191501?
1914d9
In base 15, what is -6e6bd95 + -5?
-6e6bd9a
In base 12, what is 45 - 1558115?
-1558090
In base 14, what is -5 + -1b1dbb?
-1b1dc2
In base 9, what is 477347317 - -1?
477347318
In base 15, what is d65a + 373?
d9cd
In base 12, what is -2240 + -1963?
-3ba3
In base 4, what is 23103131 - -113?
23103310
In base 4, what is 333011130 + 3301?
333021031
In base 10, what is 29822 - 22?
29800
In base 10, what is 683 - -32446?
33129
In base 14, what is -1adb9 - dc0?
-1bd99
In base 8, what is -36161 - -26701?
-7260
In base 10, what is -14 - 436619?
-436633
In base 8, what is 1351562 + 32?
1351614
In base 16, what is 3 - -2075a27?
2075a2a
In base 6, what is -1102130 - -2111?
-1100015
In base 14, what is a - -155b853?
155b85d
In base 14, what is -b2 - -158bc?
1580a
In base 15, what is 6d483 - -61?
6d4e4
In base 16, what is -dd6b6d + -2?
-dd6b6f
In base 5, what is 24211102413 